r(6). What is the greatest common factor of j and y?
23
Suppose -4*z + 24 = 4*o, 4*z - 18 + 6 = 0. Suppose -6 = o*f + 3, 3*n + 3*f - 6 = 0. What is the greatest common factor of n and 10?
5
Let d(z) = z + 31. Let w be d(20). Let t = w + -45. Suppose 5*h - 273 - 57 = 0. What is the highest common factor of h and t?
6
Let q be 9/((-441)/(-14))*49. Calculate the highest common factor of q and 448.
14
Let g = -4 - -6. Let t be 22 + (-5 - (-8)/g). What is the highest common divisor of t and 56?
7
Let j(n) = 56*n + 19. Let r be j(14). Calculate the greatest common divisor of 11 and r.
11
Suppose -18*z = 100 - 352. Let v(l) = -2*l - 1. Let u be v(2). Let k be (8/10)/((-2)/u). Calculate the greatest common factor of z and k.
2
Let y(n) = -n**3 - 32*n**2 - 175*n + 3. Let w be y(-25). Let c(z) = -z**2 - 8*z - 7. Let x be c(-6). Calculate the greatest common divisor of x and w.
1
Suppose 13 - 1 = 2*s. Suppose 0 = 5*z - 20, -2*r + 0*r = -z + 2. Let p(u) = 47*u + 1. Let d be p(r). Calculate the greatest common factor of d and s.
6
Let i(t) = -t**2 - 5*t + 1. Let u be 2*(3 + -4) - 2. Let j be i(u). Suppose 4*z - 15 - 25 = 0. What is the highest common factor of z and j?
5
Suppose -6*t = -t - 940. Let u = t + -89. Calculate the highest common factor of u and 33.
33
Let q = -12 + 12. Let s be 21*(1 - q)*-1. Let z be 0 - -47 - s/7. What is the greatest common factor of z and 10?
10
Let q be 36 + (-9)/(-45) + (-19)/(-5). What is the greatest common divisor of q and 5?
5
Suppose 0 = 5*x + 3*g + 42 - 119, 2*x + g = 31. Let r(c) = c**2 - 6. Let m be r(-5). Suppose -z = -m - 5. What is the highest common factor of z and x?
8
Let o be 2*(2730/12 - -2). What is the greatest common factor of o and 51?
51
Let b = -29 - -84. Let r = 70 - 45. Let y = 36 - r. What is the highest common divisor of y and b?
11
Let x(h) = 2*h**2 - h + 88. Let m be x(0). Suppose -2*r = 2*r - m. What is the highest common divisor of r and 2?
2
Suppose -104 + 100 = -4*g. Let f(h) = 24*h**2 - 2*h + 2. Let m be f(g). Calculate the greatest common factor of m and 6.
6
Let a = 122 - 63. Let q = a + -47. Calculate the greatest common divisor of 108 and q.
12
Let u(l) = -l**3 - 3*l**2 + 14*l + 31. Let d be u(-6). Let c = d - 39. What is the highest common factor of c and 6?
2
Let f(d) be the second derivative of -5*d**3 - 5*d**2 - 3*d. Let p be f(-5). Let w = p - 75. Calculate the greatest common divisor of w and 13.
13
Suppose 7*v - 72 = v. Let k be 224/20*15/2. Calculate the greatest common divisor of v and k.
12
Let i = -259 + 274. What is the highest common divisor of i and 120?
15
Suppose 0 = -14*q + 15*q - 2. Suppose -61 = -q*t + 65. Calculate the greatest common divisor of t and 7.
7
Let o(k) = -2*k + 10. Suppose f - 5*v + 20 = -v, 4*f = -v + 5. Let t be o(f). Calculate the greatest common factor of t and 90.
10
Let q(x) = x**2 + 3*x - 192. Let w be q(-17). Let c = 0 + 0. Suppose 3*d - 22 - 185 = c. Calculate the greatest common factor of w and d.
23
Let n be 4/10 - 8/(-5). Let t be ((-2)/4)/(n/(-36)). Let a = t + 0. What is the greatest common factor of 9 and a?
9
Let c(i) = -i**3 + 13*i**2 - 4*i - 6. Let w be c(12). Calculate the greatest common divisor of 60 and w.
30
Let r be (0 + -54)/(7/(-21)). Suppose 4*t = 2*k - 16, 4*k + 24*t - 25*t = 67. Calculate the greatest common factor of k and r.
18
Suppose -3*h + 7 = -8. Suppose -5*o + 3*f + 43 = 0, o - f = 2 + h. What is the highest common divisor of o and 1?
1
Suppose 0 = -2*a + 6*a - 88. Suppose -5*x + f + 95 = 0, 24 = 2*x - 5*f - 14. Suppose -63 = -4*h - x. What is the highest common factor of h and a?
11
Let l be 11/(66/60) - 4. Calculate the greatest common factor of l and 96.
6
Suppose -13*d - 1931 = -10797. What is the greatest common factor of d and 22?
22
Let c be ((-28)/6 + 0)*33/22. Let y = -37 + 20. Let a = c - y. Calculate the highest common factor of 70 and a.
10
Let n(u) = -u**3 + 7*u**2 + 20*u - 16. Let w be n(9). What is the greatest common divisor of 31 and w?
1
Suppose -18*d - 2599 = -349. Let y = d + 147. Calculate the highest common divisor of 242 and y.
22
Let j be 5880/(-63)*3/(-2). What is the greatest common factor of j and 70?
70
Suppose 4*d + 9 - 29 = 0. Suppose -d*y - 30 = -5*n + 45, n = 4*y. Let f = 14301 + -14291. What is the highest common factor of n and f?
10
Let n = 5 - 15. Let w(c) = c + 20. Let g be w(n). What is the highest common factor of 10 and g?
10
Suppose 0 = -x + b + 129, 4*x - 19*b + 16*b - 519 = 0. Calculate the highest common divisor of x and 12.
12
Let j = 107 - 65. Calculate the highest common divisor of j and 14.
14
Let g be (1 - -6*1)*(15 + -10). Calculate the highest common divisor of 665 and g.
35
Suppose -3*s + 9 = -6. Suppose -s*h = -5 - 105. Let k = h - 19. What is the highest common factor of 12 and k?
3
Let o = 72 - 28. Let r(j) = 2 + 5 - 6*j + 5 + 4*j. Let g be r(-5). What is the highest common factor of g and o?
22
Let n(g) = 192*g - 165. Let a be n(13). Calculate the highest common factor of a and 63.
63
Let g = -964 - -1494. Calculate the highest common factor of 10 and g.
10
Suppose -11*s - 371 = -2428. What is the highest common divisor of 34 and s?
17
Suppose -4*p - 3*q + 2*q + 210 = 0, -2*q + 4 = 0. Calculate the highest common factor of 13 and p.
13
Let r(w) = -w**2 - 6*w - 2. Let b = -2 + -3. Let c be r(b). Calculate the highest common factor of 3 and c.
3
Let u be 1807/39 + (-2)/(-3). Let w = -27 + u. Calculate the greatest common factor of 100 and w.
20
Suppose 0 = 4*y - 4 - 44. Suppose 264 = y*l - 4*l. What is the highest common factor of l and 55?
11
Suppose 12 = 12*l - 9*l. Suppose 251 = 5*d + l*h, -199 = 5*d - 9*d - 5*h. Calculate the greatest common factor of d and 561.
51
Let r(y) = 7*y**2 + 3*y + 3. Let h be r(-1). Let g be h - 4/2*-1*1. Calculate the highest common divisor of 6 and g.
3
Let d = -207 - -306. Suppose 88 + 22 = 5*v. What is the highest common factor of v and d?
11
Let t(u) = u**2 - 14*u - 17. Let f be t(17). What is the greatest common factor of f and 34?
34
Let y be 2/(-9) - ((-13900)/18)/10. What is the greatest common divisor of y and 33?
11
Let n be 42/(-105) - 43/5. Let x be 6/(-4) + n/6. Let b(d) = -d + 5. Let v be b(x). Calculate the highest common factor of 4 and v.
4
Let d be ((-16)/(-6))/(8/12). Suppose -3*a + 179 = 164. Suppose -3*y - 420 = -5*p + 2*y, -a*y + 300 = d*p. Calculate the greatest common divisor of p and 20.
20
Let q be (-6)/(-8)*(-108 + 0). Let p be (q/(-2) - -3)*-2. Let c be (p - -12)*(-12)/10. Calculate the greatest common factor of c and 18.
18
Suppose 0 = 11*o - 4*o - 28. Suppose 28 = 4*t + 4. Let k = o + t. Calculate the highest common divisor of k and 90.
10
Let v = -832 - -936. Calculate the highest common divisor of 78 and v.
26
Let t(w) = -w**3 + 10*w**2 + 13*w - 2. Let v(s) = s**3 + 8*s**2 + s + 19. Let b be v(-8). Let d be t(b). Calculate the highest common factor of d and 4.
4
Let v be (-2)/2*1*-2. Suppose 0 = -0*d + v*d - 66. Let q = -5 + d. What is the greatest common factor of 42 and q?
14
Suppose 0 = 3*d - 9 - 0. Suppose -4*r - 100 - 266 = -d*z, 10 = 5*z. Let w = 27 - r. Calculate the greatest common divisor of 13 and w.
13
Let x be (-4)/(-10) + 2046/(-15). Let u = x - -161. What is the highest common factor of u and 75?
25
Let r(k) = 2 + 608*k - 611*k - 2 + 2. Let m be r(-9). What is the highest common factor of 319 and m?
29
Let x(q) = -5*q + 4. Let o be x(-1). Let u(r) = 8*r. Let f be u(2). Let g = -10 + f. Calculate the highest common divisor of o and g.
3
Let q be (-11 + -17)*3*(-1)/12. Suppose -17 = -2*j + 95. What is the greatest common factor of j and q?
7
Suppose -11*s = 27 - 115. Let x be 48/(s/4) - 4. Calculate the highest common divisor of 100 and x.
20
Let k(u) = 14*u**2 + 100*u + 116. Let n be k(-7). Let m = -31 - -65. What is the greatest common factor of m and n?
34
Let x(i) = i**3 - 9*i**2 + 8*i - 7. Let u be x(9). Let d = u + -30. Suppose -12*f + 12 = -72. What is the greatest common factor of d and f?
7
Suppose 0 = 69*m + 2865 - 3925 - 9497. Let v = 2 + 15. What is the highest common factor of v and m?
17
Let g(x) = -x**3 - x**2 - 2*x - 6. Let h be g(-4). Suppose 46*m - 1850 = -17*m - 11*m. Calculate the greatest common factor of m and h.
25
Let m(t) = -t + 4. Let i be m(0). Let x be i/30 